{"id":7,"date":"2014-03-06T18:22:51","date_gmt":"2014-03-06T17:22:51","guid":{"rendered":"http:\/\/kurzy-pily.cz\/?page_id=7"},"modified":"2026-01-05T17:30:20","modified_gmt":"2026-01-05T16:30:20","slug":"domovska-stranka","status":"publish","type":"page","link":"https:\/\/kurzy-pily.cz\/","title":{"rendered":"Kurzy obsluh pil"},"content":{"rendered":"\n<p><strong>&nbsp; &nbsp; &nbsp; Po\u0159\u00e1d\u00e1me rekvalifika\u010dn\u00ed kurzy pro obsluhovatele motorov\u00fdch pil, d\u0159evorubeck\u00e9 kurzy, obsluha rozbru\u0161ovac\u00edch agreg\u00e1t\u016f, k\u0159ovino\u0159ez\u016f a ostatn\u00edch agreg\u00e1t\u016f se spalovac\u00edm motorem \u010di elektromotorem.<\/strong><\/p>\n\n\n\n<p>     <strong> S politov\u00e1n\u00edm v\u00e1m mus\u00edme ozn\u00e1mit, \u017ee s n\u00e1r\u016fstem administrativn\u00ed z\u00e1t\u011b\u017ee p\u0159i po\u0159\u00e1d\u00e1n\u00ed kurzu p\u0159es \u00da\u0159ad pr\u00e1ce \u010cR tyto kurzy nebudeme d\u011blat. Na vypl\u0148ov\u00e1n\u00ed dal\u0161\u00edch formul\u00e1\u0159\u016f, kter\u00e9 nov\u00e1 legislativa po\u017eaduje, bychom musely p\u0159ijmout dal\u0161\u00ed administrativn\u00ed s\u00edlu.<\/strong><\/p>\n\n\n\n<p><b><i><span style=\"text-decoration: underline;\"><span style=\"color: #ff0000; text-decoration: underline;\">Dle z\u00e1kona \u010d.435\/2004 Sb. o zam\u011bstnanosti m\u00e1te n\u00e1rok na rekvalifikaci,po dohod\u011b s \u00fa\u0159adem pr\u00e1ce mo\u017enost z\u00edsk\u00e1n\u00ed \u00fahrady n\u00e1klad\u016f na rekvalifikaci.<\/span><\/span><br>\n<\/i><\/b>&nbsp; &nbsp; &nbsp;Pokud chcete z\u00edskat informace, doklady a nebo dokumenty ohledn\u011b rekvalifika\u010dn\u00edho kurzu pro \u00fa\u0159ad pr\u00e1ce, m\u016f\u017eete &nbsp;poslat \u017e\u00e1dost o informace jako nez\u00e1vaznou p\u0159ihl\u00e1\u0161ku.<\/p>\n\n\n\n<p>Pokud se rozhodnete pro rekvalifikaci, vyzvedn\u011bte si pros\u00edm u p\u0159\u00edslu\u0161n\u00e9ho kontaktn\u00edho pracovn\u00edka \u00daP podklady pro rekvalifikaci. Po\u0161lete dotaz\/nez\u00e1vaznou p\u0159ihl\u00e1\u0161ku \u0161kol\u00edc\u00ed firm\u011b se \u017e\u00e1dost\u00ed pro vypln\u011bn\u00ed doklad\u016f pro \u00fa\u0159ad pr\u00e1ce. \u00da\u0159ad pr\u00e1ce pot\u00e9 za\u0159ad\u00ed Va\u0161i \u017e\u00e1dost do komise, v p\u0159\u00edpad\u011b schv\u00e1len\u00ed komis\u00ed obdr\u017e\u00edte informaci a potvrzen\u00ed o \u00fahrad\u011b kurzu. Toto potvrzen\u00ed dod\u00e1te zp\u011bt \u0161kol\u00edc\u00ed firm\u011b, kter\u00e1 V\u00e1s pot\u00e9 n\u00e1sledn\u011b za\u0159ad\u00ed do zvolen\u00e9ho kurzu. Cel\u00fd proces je t\u0159eba vy\u0159\u00eddit p\u0159ed zah\u00e1jen\u00edm rekvalifikace, zp\u011btn\u011b nelze rekvalifikaci uznat a uhradit. \u017d\u00e1dost na \u00da\u0159ad pr\u00e1ce je nutn\u00e9 podat s dostate\u010dn\u00fdm p\u0159edstihem, aby \u00daP stihl posoudit a schv\u00e1lit V\u00e1\u0161 po\u017eadavek na \u00fahradu vybran\u00e9ho kurzu. Kontaktn\u00ed pracovn\u00edk \u00fa\u0159adu pr\u00e1ce V\u00e1m sd\u011bl\u00ed term\u00edny jedn\u00e1n\u00ed schvalovac\u00ed komise a dal\u0161\u00ed podrobnosti.<\/p>\n\n\n\n<p>Kurzy prob\u00edhaj\u00ed v prostor\u00e1ch na\u0161\u00ed firmy nebo po domluv\u011b p\u0159ijedeme k V\u00e1m.<\/p>\n\n\n\n<p><strong>&nbsp; &nbsp; &nbsp;Ve\u0161ker\u00e9 kurzy prob\u00edhaj\u00ed v souladu s pr\u00e1vn\u00ed legislativou \u010cR.<\/strong><br>\n<strong>&nbsp; &nbsp;<\/strong><\/p>\n\n\n\n<p><span style=\"color: #ff0000;\"><strong>Akreditace&nbsp;Ministerstvo \u0161kolstv\u00ed, ml\u00e1de\u017ee a t\u011blov\u00fdchovy&nbsp;\u010cesk\u00e9 republiky.<\/strong><\/span><br>\n<strong><span style=\"color: #ff0000;\">\u010cj.: MSMT-19704\/2024 &#8211; 3 ze dne 09.01.2024<\/span><\/strong><\/p>\n\n\n\n<p><span style=\"color: #ff0000;\"><strong>Autorizace&nbsp;Ministerstvo zem\u011bd\u011blstv\u00ed \u010cesk\u00e9 republiky<\/strong><\/span><\/p>\n\n\n\n<p><span style=\"color: #ff0000;\"><strong>\u010cj.:52767\/2018 MZE<\/strong><\/span><\/p>\n\n\n\n<p>\u010casovou n\u00e1ro\u010dnost lze p\u0159izp\u016fsobit Va\u0161im mo\u017enostem. (Odpoledn\u00ed hodiny, soboty, ned\u011ble)<\/p>\n\n\n\n<p>Tento kurz je t\u00edm nejz\u00e1kladn\u011bj\u0161\u00edm \u0161kolen\u00edm, kter\u00e9 mus\u00ed absolvovat ka\u017ed\u00fd, kdo chce pou\u017e\u00edvat motorovou pilu, k\u0159ovino\u0159ez a podobn\u00e9 n\u00e1stroje.<br>\nKurz je nap\u0159\u00edklad pro d\u0159evorubce, obecn\u00ed zam\u011bstnance, p\u0159\u00edslu\u0161n\u00edky v\u0161ech jednotek PO, tesa\u0159e, zedn\u00edky, truhl\u00e1\u0159e a v\u0161echny profese vyu\u017e\u00edvaj\u00edc\u00ed p\u0159i sv\u00e9 \u010dinnosti motorovou pilu se spalovac\u00edm nebo elektrick\u00fdm motorem.<\/p>\n\n\n\n<p>Vzhledem k tomu, \u017ee toto za\u0159\u00edzen\u00ed je dle Na\u0159. vl. \u010d. 339\/2017 Sb. za\u0159\u00edzen\u00edm vy\u017eaduj\u00edc\u00ed zvl\u00e1\u0161tn\u00ed odbornou zp\u016fsobilost, je nutno vlastnit platn\u00e9 osv\u011bd\u010den\u00ed o absolvov\u00e1n\u00ed rekvalifika\u010dn\u00edho kurzu.<\/p>\n\n\n\n<div id=\"imCell_1\">\n<div id=\"imCellStyle_1\">\n<p>Provozovna je na adrese<\/p>\n<p>Ve \u017dl\u00edbku 1849\/2A<\/p>\n<p>193 00 Praha 9<\/p>\n<p><strong>Pracovn\u00ed doba: dle domluvy na tel. 777 292 024, nebo 778 547 585<\/strong><\/p>\n<p><a href=\"https:\/\/mapy.cz\/zakladni?x=14.6240639&amp;y=50.1197691&amp;z=17&amp;source=addr&amp;id=9270827\">https:\/\/mapy.cz\/zakladni?x=14.6240639&amp;y=50.1197691&amp;z=17&amp;source=addr&amp;id=9270827<\/a><\/p>\n<\/div>\n<\/div>\n\n\n\n<div id=\"imCell_1\">\n<div id=\"imCellStyle_1\">\n<p><a href=\"https:\/\/waze.com\/ul\/hu2fmhu15m\">https:\/\/waze.com\/ul\/hu2fmhu15m<\/a><\/p>\n<figure><a href=\"http:\/\/kurzy-pily.cz\/wp-content\/uploads\/2014\/03\/Ve-\u017dl\u00edbku.jpeg\"><img loading=\"lazy\" decoding=\"async\" class=\"alignright size-medium wp-image-400\" src=\"http:\/\/kurzy-pily.cz\/wp-content\/uploads\/2014\/03\/Ve-\u017dl\u00edbku-300x166.jpeg\" alt=\"\" width=\"300\" height=\"166\" srcset=\"https:\/\/kurzy-pily.cz\/wp-content\/uploads\/2014\/03\/Ve-\u017dl\u00edbku-300x166.jpeg 300w, https:\/\/kurzy-pily.cz\/wp-content\/uploads\/2014\/03\/Ve-\u017dl\u00edbku.jpeg 667w\" sizes=\"auto, (max-width: 300px) 100vw, 300px\" \/><\/a><\/figure><figure><a href=\"http:\/\/kurzy-pily.cz\/wp-content\/uploads\/2014\/03\/Ve-\u017el\u00edbku.jpg\"><img loading=\"lazy\" decoding=\"async\" class=\"alignright wp-image-401\" src=\"http:\/\/kurzy-pily.cz\/wp-content\/uploads\/2014\/03\/Ve-\u017el\u00edbku-300x132.jpg\" alt=\"\" width=\"355\" height=\"156\" srcset=\"https:\/\/kurzy-pily.cz\/wp-content\/uploads\/2014\/03\/Ve-\u017el\u00edbku-300x132.jpg 300w, https:\/\/kurzy-pily.cz\/wp-content\/uploads\/2014\/03\/Ve-\u017el\u00edbku-768x337.jpg 768w, https:\/\/kurzy-pily.cz\/wp-content\/uploads\/2014\/03\/Ve-\u017el\u00edbku-1024x450.jpg 1024w, https:\/\/kurzy-pily.cz\/wp-content\/uploads\/2014\/03\/Ve-\u017el\u00edbku.jpg 1619w\" sizes=\"auto, (max-width: 355px) 100vw, 355px\" \/><\/a><\/figure><p><\/p>\n<\/div>\n<\/div>\n","protected":false},"excerpt":{"rendered":"<p>&nbsp; &nbsp; &nbsp; Po\u0159\u00e1d\u00e1me rekvalifika\u010dn\u00ed kurzy pro obsluhovatele motorov\u00fdch pil, d\u0159evorubeck\u00e9 kurzy, obsluha rozbru\u0161ovac\u00edch agreg\u00e1t\u016f, k\u0159ovino\u0159ez\u016f a ostatn\u00edch agreg\u00e1t\u016f se spalovac\u00edm motorem \u010di elektromotorem. S politov\u00e1n\u00edm v\u00e1m mus\u00edme ozn\u00e1mit, \u017ee s n\u00e1r\u016fstem administrativn\u00ed z\u00e1t\u011b\u017ee p\u0159i po\u0159\u00e1d\u00e1n\u00ed kurzu p\u0159es \u00da\u0159ad pr\u00e1ce \u010cR tyto kurzy nebudeme d\u011blat. Na vypl\u0148ov\u00e1n\u00ed dal\u0161\u00edch formul\u00e1\u0159\u016f, kter\u00e9 nov\u00e1 legislativa po\u017eaduje, bychom musely &hellip; <\/p>\n<p><a class=\"more-link btn\" href=\"https:\/\/kurzy-pily.cz\/\">Pokra\u010dovat ve \u010dten\u00ed<\/a><\/p>\n","protected":false},"author":1,"featured_media":0,"parent":0,"menu_order":0,"comment_status":"closed","ping_status":"open","template":"","meta":{"footnotes":""},"class_list":["post-7","page","type-page","status-publish","hentry","nodate","item-wrap"],"_links":{"self":[{"href":"https:\/\/kurzy-pily.cz\/index.php?rest_route=\/wp\/v2\/pages\/7","targetHints":{"allow":["GET"]}}],"collection":[{"href":"https:\/\/kurzy-pily.cz\/index.php?rest_route=\/wp\/v2\/pages"}],"about":[{"href":"https:\/\/kurzy-pily.cz\/index.php?rest_route=\/wp\/v2\/types\/page"}],"author":[{"embeddable":true,"href":"https:\/\/kurzy-pily.cz\/index.php?rest_route=\/wp\/v2\/users\/1"}],"replies":[{"embeddable":true,"href":"https:\/\/kurzy-pily.cz\/index.php?rest_route=%2Fwp%2Fv2%2Fcomments&post=7"}],"version-history":[{"count":20,"href":"https:\/\/kurzy-pily.cz\/index.php?rest_route=\/wp\/v2\/pages\/7\/revisions"}],"predecessor-version":[{"id":4761,"href":"https:\/\/kurzy-pily.cz\/index.php?rest_route=\/wp\/v2\/pages\/7\/revisions\/4761"}],"wp:attachment":[{"href":"https:\/\/kurzy-pily.cz\/index.php?rest_route=%2Fwp%2Fv2%2Fmedia&parent=7"}],"curies":[{"name":"wp","href":"https:\/\/api.w.org\/{rel}","templated":true}]}}